/((-9)/36). Suppose b - 226 = k, -3*k + 31 = 2*b - f. What are the prime factors of b?
2, 3, 19
Let a = -537 + 282. Let b = -88 - a. List the prime factors of b.
167
Suppose -2*l + 249206 - 28562 = 3*i, 367772 = 5*i - 2*l. What are the prime factors of i?
2, 4597
Let w be -7*(456/665 - (-4)/(-10)). Let l(x) = -180*x**3 - 3*x**2 - 4*x - 7. What are the prime factors of l(w)?
1429
Let l(h) = 5*h + 4*h**2 - 10*h**2 + 16 + 5*h**2. Let y be l(7). Suppose -y*p = 4*p - 900. List the prime factors of p.
2, 3, 5
Suppose -5*t + 3*f + 169 = 7*f, 5*f = 5*t - 160. Let s = -28 + t. Suppose 41 = s*j + i, 3*j + 2*j - 38 = 2*i. List the prime factors of j.
2
Suppose 3*f - m + 6469 = 17185, f - m = 3570. What are the prime factors of f?
3, 397
Suppose 21*a + 80*a - 862324 + 116641 = 0. What are the prime factors of a?
3, 23, 107
Let g(d) = 104*d + 968. What are the prime factors of g(34)?
2, 563
Let u(w) = -13*w - 100. Let g be u(-26). Suppose f = -g + 594. List the prime factors of f.
2, 89
Suppose -5*k + 0*l = 2*l - 75, 3*l - 28 = -k. Suppose k = 4*a + 3*g, 2*a = -4*g + 21 - 7. What are the prime factors of 2/((-260)/(-252) - a)?
3, 7
Let c(l) = l**2 - 11. Let y(j) = j - 1. Let p(q) = c(q) + 3*y(q). Let s be p(-12). Let v = 172 - s. What are the prime factors of v?
2, 3, 13
Let r = 10108 - -23185. List the prime factors of r.
13, 197
Let x = 405 - -1565. What are the prime factors of x?
2, 5, 197
Let b = 26327 + -10987. Suppose -8*z + 21*z - b = 0. What are the prime factors of z?
2, 5, 59
Let z be 8958/42 - 2 - (-2)/(-7). Suppose -19*i + 739 = -z. List the prime factors of i.
2, 5
Let i(r) = -r**3 - 2*r + 11. Let s be i(0). Suppose 247 + 380 = s*q. What are the prime factors of q?
3, 19
Let u = 5 + -3. Let c be 107/2*(12 - u). What are the prime factors of (c/(-4))/(-5)*4?
107
Let m = 130 + -121. Suppose -3*z + m*z - 2544 = 0. List the prime factors of z.
2, 53
Let y be 0*8/(8/1). Suppose y = -k + 589 + 520. List the prime factors of k.
1109
Suppose 0 = -19*j - 55*j + 17538. What are the prime factors of j?
3, 79
Let n be 9 - 5 - 1*2. Let z be 8/(-20)*(-5)/n*-2. List the prime factors of (-42)/(-28) + (-91)/z.
47
Let k = -104 + 104. Let f be k/((-2)/9 + (-220)/(-99)). Let h = 3 - f. What are the prime factors of h?
3
Let p be 4/(-14) - (-5 + 114/42). Suppose 191 = 2*h + 5*s, 3*h + p*s - 139 - 153 = 0. What are the prime factors of h?
2, 7
Let t be ((-12)/9 + 0)/((-18)/1809). Let d be 6/(-3) + (-1 - (-4 - t)). Suppose -d = -v + 35. List the prime factors of v.
2, 5, 17
Let x(o) = 74*o - 113. Let t be x(4). Let a = t + 685. List the prime factors of a.
2, 7, 31
Suppose 0*i + 5*i - 20 = 0. Suppose -i*p = 6*p - 12*p. Suppose 508 = 3*w - p*c - 4*c, 0 = -5*w - 2*c + 838. List the prime factors of w.
2, 3, 7
Suppose -3*q - 15 = -5*c, -3*q + 4*c = -2*q + 12. Suppose q = z - 2, 3*o - 3*z + 185 = 947. Suppose -50 = -3*u + o. What are the prime factors of u?
2, 3, 17
Let k(h) = -h**3 + 13*h**2 - 2*h + 28. Let q be k(13). Suppose 101 = q*m - 413. List the prime factors of m.
257
Let a(n) = 2669*n**2 + 3*n + 20. What are the prime factors of a(-1)?
2, 17, 79
Let v(m) = -2*m**2 - 2*m. Let p be v(0). Suppose p*u = -11*u + 22. Suppose 0 = -5*w - 4*t + t + 217, 0 = u*w + t - 86. List the prime factors of w.
41
Let i = 31908 + -18483. List the prime factors of i.
3, 5, 179
Let u(d) = d**2 - 32*d + 65. Let s be u(30). Suppose 18*j + 2*z - 1870 = 13*j, -2*j = s*z - 727. List the prime factors of j.
2, 47
Let k be (3/(-2))/(15/(-40)). Suppose 0 = k*o - o + 504. Let x = -30 - o. List the prime factors of x.
2, 3, 23
Let x(l) = -l**2 - 8*l - 2. Suppose i + 5*p = -22, 0*i = -5*i - 5*p - 70. Let b be (-58)/8 + (6/(-2))/i. What are the prime factors of x(b)?
5
Let g(s) = 7*s + 35221. What are the prime factors of g(0)?
35221
Suppose 1416628 = 276*l - 1267748. List the prime factors of l.
2, 3, 1621
Let q(p) = -70*p - 13*p + 39*p - 12. What are the prime factors of q(-5)?
2, 13
Let y = 143 + -144. What are the prime factors of (-28*(3 + -8))/(0 - y)?
2, 5, 7
Suppose i + 18 = 7*i. Suppose -68 = -i*h - z + 5*z, -5*h + 4*z + 100 = 0. Suppose -20*y + h*y + 20 = 0. What are the prime factors of y?
5
List the prime factors of (2/(-7))/(263/(-1191127)).
2, 647
Let j be (162/81)/((-1)/(-6)). List the prime factors of (j/(-8))/(6/(-16812)*3).
3, 467
Let y be (-9 - -1)*(6 + -6 + -2). Let j(v) = 7*v**2 + 4*v - 20. List the prime factors of j(y).
2, 3, 17
Let i(n) be the third derivative of 1/60*n**5 + 0 + 21*n**2 - 7/6*n**3 - 1/8*n**4 + 0*n. What are the prime factors of i(-9)?
101
Let f(i) be the first derivative of -11*i**3/3 + i**2 - 3*i - 12. Let n be f(2). Let z = 72 + n. What are the prime factors of z?
29
Suppose 5*i = -2*t + 36625, 4*i + t = 2*t + 29313. List the prime factors of i.
17, 431
Let f(l) = 14*l**2 - 83*l - 2. Let d be f(6). Suppose 3*z - 693 = -s, z = d*s - 5*s + 231. What are the prime factors of z?
3, 7, 11
Let g(m) = 2*m + 1. Let f be g(0). Let i be 872/f - (-3 - (-5 + 5)). Suppose 60*x = 55*x + i. List the prime factors of x.
5, 7
Let d be (-2 - (-1)/2)/(4/(-24)). Let b(u) = -u + 5. Let g be b(d). List the prime factors of (-503)/(-5) - g/10.
101
Let m(p) = -37*p + 931. What are the prime factors of m(13)?
2, 3, 5
Let p(j) = -j**3 + 8*j**2 - 9*j + 9. Let x be (0/(-1))/((-9)/(-1 + -2)). Suppose x = 5*i - 3*t - 28, 2 = -0*i + i + 3*t. What are the prime factors of p(i)?
3, 13
Suppose -1151*p + 74 = -1149*p. Let r = 36 + -65. Let k = p - r. List the prime factors of k.
2, 3, 11
Let p be -48 - -18 - (-5 + -1). List the prime factors of 27 + ((-4)/6)/((-16)/p).
2, 13
Suppose 4*j + 6*g - g - 159 = 0, 0 = -3*j - 3*g + 120. Let u = 118 - j. List the prime factors of u.
7, 11
Let n(z) = 12*z**2 + 162*z - 13. List the prime factors of n(-32).
7, 1013
Let s(a) = a**3 + 6*a**2 - 16*a - 11. Let h(k) = k**3 - 6*k**2 + 2*k + 9. Let t(r) = r**2 - r - 7. Let m be t(4). Let w be h(m). List the prime factors of s(w).
5, 17
Let c be -25*(-2)/10*(-84)/10. List the prime factors of (-77)/(-3)*c/(-14).
7, 11
Let z(p) = -1. Let r(s) = s + 22. Let y(i) = r(i) + 5*z(i). Let f = 866 + -874. What are the prime factors of y(f)?
3
Suppose 0 = -4*h - a + 2 + 3, 3*h + 2*a = 0. Suppose i + i = -o + 94, -o = -h*i - 90. Suppose -u + o = 3*d, d - u = -7 + 35. What are the prime factors of d?
2, 3, 5
Suppose 0 = -3*c + c - 2. Let p be 2/(((-4)/10)/c). Suppose s - 228 = -p*s. What are the prime factors of s?
2, 19
Suppose 0 = -7*w + 82 + 254. List the prime factors of 424/84*w + (-8)/28.
2, 11
Suppose -116*g + 36005 = -112*g - l, 5*l = -25. What are the prime factors of g?
2, 3, 5
Let i(b) = 2*b**2 + 29*b + 5. Let v be (0/29)/(-3 + 0/(-2)). Suppose 12*t = -v*t - 216. List the prime factors of i(t).
131
Let q(r) = 4547*r - 2231. List the prime factors of q(5).
2, 11, 233
Let y(s) = 188*s**2 + 16*s - 32. Let z be y(4). Suppose 2*v + z = 2*o + 4*v, 4*o - 6083 = -v. What are the prime factors of o?
3, 13
Suppose -2601 = -16*u + 2359. Let j = 1076 - u. What are the prime factors of j?
2, 383
Let w be 78*1/(24/(-6) - -6). Suppose -w*h + 2639 = -26*h. List the prime factors of h.
7, 29
Let m be (-1 + 0)*(-6)/2. Let t be (-4)/(-14) + (0 - (-328)/28). What are the prime factors of (3/(-8))/(m/t)*-26?
3, 13
Suppose -10*y = 73*y - 3*y - 111200. List the prime factors of y.
2, 5, 139
Suppose -10*v + 18360 = -4*v. List the prime factors of v.
2, 3, 5, 17
Let w(k) = -3*k + 22. Let u be w(9). What are the prime factors of (-1442)/u - ((-23)/5 + 5)?
2, 3
Suppose -5*k + 29 = -4*v, 4*k = -5*v + 8 - 75. Let y(j) = -3*j + 30. Let n be y(v). Let o = 158 - n. List the prime factors of o.
5, 19
Suppose k = -4*n + 20704, 17*n + 41406 = 2*k + 24*n. List the prime factors of k.
2, 13, 199
Suppose -32*k + 943 = 4*s - 31*k, -2*s + 4*k = -458. Let c = s + 127. What are the prime factors of c?
2, 181
Let h = 23541 - 12017. What are the prime factors of h?
2, 43, 67
Suppose 5*b - 27 = 2*x + 15, 4*b = 2*x + 34. Suppose -3684 = -14*w + b*w. What are the prime factors of w?
2, 307
List the prime factors of 32 - 27 - (1 + 3 - 60112).
47, 1279
Suppose 4*j + 5*b = 83 + 49, -b = -j + 42. Suppose 40 = j*l - 36. List the prime factors of l.
2
Suppose 4*b - 9056 = -2*x, -4*x = -111*b + 109*b - 18082. What are the prime factors of x?
2, 7, 17, 1